*j + j**3 + 1 + j**2 + 3. Let f be q(-7). Let r = 86 - f. What are the prime factors of r?
2, 7
Suppose 0 = 15*q - 11*q - 16. Suppose -q*c - 3*f + 604 = -9*c, 4*f + 107 = -c. Let k = -59 - c. List the prime factors of k.
2, 3, 5
Let j(g) = -12 + 1 + 5 - 8*g + 7. Let c(s) = s**2 + 8*s + 4. Let b be c(-7). List the prime factors of j(b).
5
Let r(m) = m**3 + m + 18. Suppose -5*x = 5*h - 5, 1 - 4 = 5*x - 3*h. List the prime factors of r(x).
2, 3
Suppose 2389 = -15*u + 8419. List the prime factors of u.
2, 3, 67
Suppose -4*v - x + 471 = 0, -3*v + 348 = -0*v - x. Let c = v + -35. List the prime factors of c.
2, 41
List the prime factors of -232 + 687 - (-2)/3*-3.
3, 151
Suppose -y - 4*y + 15 = 0. Suppose 0 = 6*c - y*c - 12. Suppose n - c = 4. What are the prime factors of n?
2
Suppose 76*w - 4511 = 63*w. What are the prime factors of w?
347
Suppose a - 122 = -a + 4*o, 0 = 3*o + 3. Let q = a + 9. What are the prime factors of q?
2, 17
Suppose 12*o = -10*o + 5808. List the prime factors of o.
2, 3, 11
Suppose 4*c + 206 = -46. Let d be -34 - 3*(-3)/(-3). Let t = d - c. List the prime factors of t.
2, 13
Suppose -5*x = -4*r + 2853, -4*r + 2877 = -18*x + 21*x. List the prime factors of r.
3, 239
Suppose -p - d = 3*d, 4*p + 2*d - 14 = 0. What are the prime factors of 15/(-6)*p*-3?
2, 3, 5
What are the prime factors of -7 + 69/9 + 5731/3?
3, 7, 13
Suppose -9064 = 9*j - 20*j. What are the prime factors of j?
2, 103
Let z = 9614 + -6018. What are the prime factors of z?
2, 29, 31
Suppose 3*v = 423 + 660. What are the prime factors of v?
19
Let a = -627 + 1266. List the prime factors of a.
3, 71
Let w(n) = 4 - 9 + 4*n**3 + 8*n + 5*n**2 - 2*n**3 - 3*n**3. Let h be w(5). List the prime factors of (-4 - -4) + h + -4.
31
Let r(c) = c**3 + 14*c**2 - c - 20. Let q be r(-14). Let m = q + -5. List the prime factors of (-2)/m - 504/(-132).
2
Suppose 2*r = -6*f + 7*f - 908, 5*f + r - 4584 = 0. What are the prime factors of f?
2, 229
Let l(i) = 0*i + i - 9 - 5*i + 5*i. Let j be l(7). List the prime factors of -6*(-4 + 2/j).
2, 3, 5
Let q(b) = 38*b**2 - 71*b + 3. What are the prime factors of q(9)?
2, 3, 11, 37
Suppose 20 = -3*g + 7*g. Suppose -15*w - 192 = -1722. Suppose -3*y + w = -i, -i = -g*i. List the prime factors of y.
2, 17
Suppose -17367 = -9*j + 6*j. What are the prime factors of j?
7, 827
Suppose 7 - 157 = -3*f. What are the prime factors of (226/(-5))/((-20)/f)?
113
Suppose -5*i + 5*k + 1805 = 0, -5*i + 0*i + 1809 = -4*k. Suppose i = -7*l + 2*l. Let z = 8 - l. List the prime factors of z.
3
Let t be 132/30 + (-4)/10. Suppose x - t*x = -3*s - 72, 4*x = 2*s + 40. Let k = s + 84. List the prime factors of k.
2, 7
Suppose -7*p - p + 32 = 0. Let r(t) = -t**3 + t - 1. Let h be r(-2). Suppose h*w - 17 = -4*o + p, 5*w - 5 = 0. What are the prime factors of o?
2
Suppose y - 35 - 27 = 0. Suppose 2*d - 5*b = y, -3*d + 84 = 5*b - 59. What are the prime factors of d?
41
Let j(u) = -7*u**3 - 4*u**2 + 10*u + 1. Let o(q) = -8*q**3 - 4*q**2 + 11*q + 2. Let l(n) = -7*j(n) + 6*o(n). Let s = 0 + -4. List the prime factors of l(s).
3, 7
Suppose -1491 = -4*v - 2*g + 11755, 5*g = -2*v + 6635. What are the prime factors of v?
2, 5, 331
What are the prime factors of 1 + (-16)/8 + -2 + 349?
2, 173
Let d(v) = -v**3 + 3*v**2 + 5*v - 1. Let l be d(4). Suppose -3*p + 5*p - 30 = -2*a, 0 = -2*a - l*p + 33. What are the prime factors of a?
2, 3
Let d be (12/10)/(2/30). Suppose 0 = 4*y - y - d. Suppose -5*u + 28 = -3*k, 2*u + 15 = y*u + 5*k. What are the prime factors of u?
5
Let a = 4 - -3. Suppose 2*s - 1 = a. Suppose s*h = 5*q - 125, 4*q = 4*h + h + 91. List the prime factors of q.
29
List the prime factors of (84/8)/(12/696).
3, 7, 29
What are the prime factors of -3 + 774 + (-8)/8?
2, 5, 7, 11
Let b = -367 - -1017. What are the prime factors of b?
2, 5, 13
Let i(q) = q**3 + 11*q**2 - 11*q + 14. Let b be i(-12). Let u(t) = -t + 6 + 1 + b*t. List the prime factors of u(-4).
3
Let l(b) = -2*b**2 - 1. Let r be l(-2). Suppose -5*i + 70 = -3*i - 3*k, 3*k + 146 = 4*i. Let p = i + r. What are the prime factors of p?
29
Suppose 5*c = -10, 0 = 4*s - c - 4*c - 30. Let o = -864 - -866. Suppose -o*b - 2*x + 56 = 16, 20 = -s*x. List the prime factors of b.
2, 3
Let z(b) = -6*b - 20. Let k be z(-8). Let o = k + -28. Suppose o = 3*c - 0*c - 189. List the prime factors of c.
3, 7
Let q = 277 + -145. Let p = -74 + q. What are the prime factors of p?
2, 29
Let i(x) = -x**3 - 11*x**2 - 5*x + 18. Suppose 108 = -s - 8*s. What are the prime factors of i(s)?
2, 3, 37
Suppose -3*u = 5*q + 13, -q - 17 = -u - 2*u. Suppose 240 = 4*k - u*z, -121 = -5*k + 3*z + 171. What are the prime factors of k?
2, 7
Suppose 19*w = 22*w - 12. Suppose w*o = 121 + 95. What are the prime factors of o?
2, 3
Suppose 4*t - 4*f - 965 = -9*f, -f = -2*t + 479. Suppose 3*h = t + 117. What are the prime factors of h?
7, 17
Suppose 2*a - 377 = 3*p - 6*p, -3*a - p = -548. Let k(l) = -l**3 + 10*l**2 + 11*l. Let i be k(11). Suppose i = -3*n - 1 + a. What are the prime factors of n?
2, 3, 5
Let j(a) = -a**3 + 5*a**2 + 7*a - 6. Suppose -7*g + 5*g + 12 = 0. Let t be j(g). Suppose 0 = 4*r - 2*u - 100, t = r + r - 4*u - 62. List the prime factors of r.
23
Suppose 0 = 4*q + 3*q - 3633. List the prime factors of q.
3, 173
Let b(d) = -4*d - 1. Let y be b(1). What are the prime factors of 15/(-25) - 318/y?
3, 7
Let l = -1537 - -2260. List the prime factors of l.
3, 241
Let q = 68 - -354. What are the prime factors of q?
2, 211
Let m(g) = -2*g + 16. Let n be m(8). Let o be -2*(1 + 10/(-4)). Suppose n = -o*u + 3 + 87. List the prime factors of u.
2, 3, 5
Let o = -688 - -1921. List the prime factors of o.
3, 137
Let p(s) be the third derivative of -s**6/40 + s**5/30 - s**4/12 + 5*s**3/6 + 5*s**2. What are the prime factors of p(-3)?
2, 5, 11
Suppose 3*y - x = -5*x - 57, 4*y = x - 57. Let h(d) = 3*d**2 + 45*d - 12. Let c be h(-16). Let m = y + c. What are the prime factors of m?
3, 7
Suppose 6*z - 14*z = -48. What are the prime factors of (-3)/z*114/(-1)?
3, 19
Let c be ((-3702)/9)/(12/(-18)). Suppose 358 = 5*m - c. What are the prime factors of m?
3, 5, 13
Let w(t) = 2*t. Let i(s) = -2*s**2 + 23*s - 10. Let l(z) = -i(z) + 3*w(z). Let q be (-2)/4 - (-46)/4. What are the prime factors of l(q)?
5, 13
Suppose 3*y = x - 67, 5*x + y + 36 = 387. List the prime factors of x/1 - (0 + 1).
3, 23
Let i = -27 + 28. Suppose 4*n - 5*r - i = 0, 0 = -n + 3*r + r - 8. What are the prime factors of n?
2
Let m(z) = -7*z - 3. Suppose 2*q + 2*q - 4 = 0, 0 = 5*i + q - 81. Suppose 4*d + 3*h + 12 + 6 = 0, 2*d = -5*h - i. What are the prime factors of m(d)?
2, 3
Suppose 46768 = 48*x - 40*x. What are the prime factors of x?
2, 37, 79
What are the prime factors of (80/(-12))/(5/(15855/(-14)))?
2, 5, 151
Let o = -13 - -26. Suppose -18*i + o*i = -135. What are the prime factors of i?
3
Let u(v) = -v**2 + 6*v + 15. Suppose 0 = 5*w + 3*g - 32, 0 = -w + 3*g + 10. Let f be u(w). Suppose -f*d + 11*d - 39 = 0. List the prime factors of d.
13
Let h = -66 - -77. Suppose -h*d + 303 = -1380. List the prime factors of d.
3, 17
Let d be (-18)/(-15)*(-15)/6. Let k(h) = 6*h**2 + 4*h - 3. List the prime factors of k(d).
3, 13
Let s(n) = -n**3 + 6*n**2 + 4*n - 4. Let k(c) = -3*c - 3. Let t be k(-2). Let f be (0 - (-1 + -1))*t. List the prime factors of s(f).
2, 5
Let c be (-479)/4 - (-6)/8. Let h = c - -169. Let o = h + -36. What are the prime factors of o?
2, 7
Suppose -7590 + 1971 = -3*c. List the prime factors of c.
1873
Let j(o) = o**3 + 12*o**2 + 2. Let w be j(-12). List the prime factors of (w + -14)/(1/(-4)).
2, 3
Suppose 0 = 44*u - 46707 + 12475. List the prime factors of u.
2, 389
Suppose 4*i - 10 = -46. Let d = i + 2. List the prime factors of ((-30)/4)/(d/14).
3, 5
Suppose 2*o + 623 = j, 4 = -3*o - o. What are the prime factors of j?
3, 23
Let b = 2752 + -1557. What are the prime factors of b?
5, 239
Let q be 4/12 + (-10)/(-6). Let h be q*(2 + 37)/3. Suppose -14 + h = 3*w. List the prime factors of w.
2
Let c(t) = -t**3 + 24*t**2 + 5*t + 40. List the prime factors of c(15).
2, 5, 107
Let q = -25 + 91. Suppose -261 = -x - q. Suppose 2*n = -3*n + x. What are the prime factors of n?
3, 13
Let l(k) = 3*k**2 - 3*k + 10. Let y be (17 - 15)*(-10)/(-4). List the prime factors of l(y).
2, 5, 7
L